{"id":9,"date":"2025-07-07T07:54:31","date_gmt":"2025-07-07T07:54:31","guid":{"rendered":"http:\/\/wp.apart-andrea.com\/?page_id=9"},"modified":"2026-02-16T12:11:45","modified_gmt":"2026-02-16T12:11:45","slug":"apart-andrea-holzgau","status":"publish","type":"page","link":"https:\/\/www.apart-andrea.com\/","title":{"rendered":"Home"},"content":{"rendered":"<div class=\"wpb-content-wrapper\"><p>[vc_row css=&#8220;.vc_custom_1751891817481{margin-top: -50px !important;}&#8220;][vc_column][\/vc_column][\/vc_row][vc_row][vc_column][vc_empty_space height=&#8220;50&#8243;][\/vc_column][\/vc_row][vc_row gap=&#8220;20&#8243; content_placement=&#8220;middle&#8220;][vc_column width=&#8220;1\/2&#8243;][vc_single_image image=&#8220;813&#8243; img_size=&#8220;full&#8220; alignment=&#8220;center&#8220; css_animation=&#8220;appear&#8220; css=&#8220;&#8220;][\/vc_column][vc_column width=&#8220;1\/2&#8243;][vc_custom_heading text=&#8220;UNSERE LAGE IST EINMALIG&#8220; font_container=&#8220;tag:h2|text_align:left|color:%23961D28&#8243; google_fonts=&#8220;font_family:Roboto%20Condensed%3A300%2C300italic%2Cregular%2Citalic%2C700%2C700italic|font_style:400%20regular%3A400%3Anormal&#8220; css=&#8220;&#8220;][vc_column_text css=&#8220;&#8220;]Eingebettet zwischen Lechtaler und Allg\u00e4uer Alpen, in zentraler und dennoch ruhiger Lage, ist unser Haus perfekt, um die Sch\u00f6nheit der Umgebung zu genie\u00dfen.<br \/>\nEgal ob Sie eine Auszeit brauchen oder ein echtes Bergerlebnis suchen.[\/vc_column_text][\/vc_column][\/vc_row][vc_row][vc_column][vc_empty_space height=&#8220;50&#8243;][\/vc_column][\/vc_row][vc_row gap=&#8220;20&#8243; content_placement=&#8220;middle&#8220;][vc_column width=&#8220;1\/2&#8243;][vc_custom_heading text=&#8220;EIN ORT ZUM WOHLF\u00dcHLEN&#8220; font_container=&#8220;tag:h2|text_align:left|color:%23961D28&#8243; google_fonts=&#8220;font_family:Roboto%20Condensed%3A300%2C300italic%2Cregular%2Citalic%2C700%2C700italic|font_style:400%20regular%3A400%3Anormal&#8220; css=&#8220;&#8220;][vc_column_text css=&#8220;&#8220;]<\/p>\n<p style=\"text-align: left;\">Unsere zwei Apartments sind stilvoll, gem\u00fctlich und komfortable eingerichtet und bieten einen unvergesslichen Ausblick auf die umliegenden Berge. Weiters verf\u00fcgt das Apart Andrea \u00fcber weitere tolle Vorteile.<\/p>\n<p>[\/vc_column_text][vc_empty_space height=&#8220;50&#8243;][\/vc_column][vc_column width=&#8220;1\/2&#8243;][vc_single_image image=&#8220;134&#8243; img_size=&#8220;full&#8220; alignment=&#8220;center&#8220; css_animation=&#8220;appear&#8220; css=&#8220;&#8220;][\/vc_column][\/vc_row][vc_row][vc_column][vc_empty_space height=&#8220;50px&#8220;][\/vc_column][\/vc_row][vc_row full_width=&#8220;stretch_row&#8220; css=&#8220;.vc_custom_1751962061956{background-color: #F6F3EE !important;}&#8220;][vc_column][vc_empty_space height=&#8220;50&#8243;][vc_custom_heading text=&#8220;UNSERE APARTMENTS&#8220; font_container=&#8220;tag:h2|text_align:center|color:%23575756&#8243; google_fonts=&#8220;font_family:Roboto%20Condensed%3A300%2C300italic%2Cregular%2Citalic%2C700%2C700italic|font_style:400%20regular%3A400%3Anormal&#8220; css=&#8220;&#8220;][vc_row_inner gap=&#8220;20&#8243;][vc_column_inner width=&#8220;1\/2&#8243;][vc_single_image image=&#8220;156&#8243; img_size=&#8220;full&#8220; alignment=&#8220;center&#8220; css_animation=&#8220;appear&#8220; css=&#8220;&#8220;][vc_empty_space height=&#8220;15px&#8220;][vc_custom_heading text=&#8220;Apartment TOP 1&#8243; font_container=&#8220;tag:h2|font_size:25|text_align:center|color:%234C5551&#8243; google_fonts=&#8220;font_family:Roboto%20Condensed%3A300%2C300italic%2Cregular%2Citalic%2C700%2C700italic|font_style:400%20regular%3A400%3Anormal&#8220; css=&#8220;.vc_custom_1751963609136{margin-top: -15px !important;}&#8220;][vc_column_text css=&#8220;.vc_custom_1751968588446{margin-top: -15px !important;}&#8220;]<\/p>\n<p style=\"text-align: center;\"><strong>F\u00fcr 2 bis 4 G\u00e4ste | 45qm mit Balkon<\/strong><\/p>\n<p>[\/vc_column_text][vc_btn title=&#8220;DETAILS&#8220; style=&#8220;outline-custom&#8220; outline_custom_color=&#8220;#961D28&#8243; outline_custom_hover_background=&#8220;#961D28&#8243; outline_custom_hover_text=&#8220;#FFFFFF&#8220; shape=&#8220;square&#8220; align=&#8220;center&#8220; css=&#8220;&#8220; link=&#8220;url:https%3A%2F%2Fwww.apart-andrea.com%2Findex.php%2Ftop-1%2F|title:TOP%201&#8243;][\/vc_column_inner][vc_column_inner width=&#8220;1\/2&#8243;][vc_single_image image=&#8220;763&#8243; img_size=&#8220;full&#8220; alignment=&#8220;center&#8220; css_animation=&#8220;appear&#8220; css=&#8220;&#8220;][vc_empty_space height=&#8220;15px&#8220;][vc_custom_heading text=&#8220;Apartment TOP 2&#8243; font_container=&#8220;tag:h2|font_size:25|text_align:center|color:%234C5551&#8243; google_fonts=&#8220;font_family:Roboto%20Condensed%3A300%2C300italic%2Cregular%2Citalic%2C700%2C700italic|font_style:400%20regular%3A400%3Anormal&#8220; css=&#8220;.vc_custom_1751963670587{margin-top: -15px !important;}&#8220;][vc_column_text css=&#8220;.vc_custom_1751968581871{margin-top: -15px !important;}&#8220;]<\/p>\n<p style=\"text-align: center;\"><strong>F\u00fcr 2 bis 4 G\u00e4ste | 45qm mit Balkon<\/strong><\/p>\n<p>[\/vc_column_text][vc_btn title=&#8220;DETAILS&#8220; style=&#8220;outline-custom&#8220; outline_custom_color=&#8220;#961D28&#8243; outline_custom_hover_background=&#8220;#961D28&#8243; outline_custom_hover_text=&#8220;#FFFFFF&#8220; shape=&#8220;square&#8220; align=&#8220;center&#8220; css=&#8220;&#8220; link=&#8220;url:https%3A%2F%2Fwww.apart-andrea.com%2Findex.php%2Ftop-2%2F|title:TOP%202&#8243;][\/vc_column_inner][\/vc_row_inner][vc_empty_space height=&#8220;50&#8243;][\/vc_column][\/vc_row][vc_row full_width=&#8220;stretch_row&#8220; css=&#8220;.vc_custom_1753454199352{background-image: url(https:\/\/www.apart-andrea.com\/wp-content\/uploads\/2025\/07\/LAC.jpg?id=161) !important;background-position: center !important;background-repeat: no-repeat !important;background-size: cover !important;}&#8220;][vc_column][vc_empty_space height=&#8220;50&#8243;][vc_row_inner css=&#8220;.vc_custom_1753454204029{background-position: center !important;background-repeat: no-repeat !important;background-size: cover !important;}&#8220;][vc_column_inner width=&#8220;1\/3&#8243;][vc_cta h2=&#8220;LECHTAL AKTIV CARD&#8220; h2_font_container=&#8220;tag:h2|font_size:30|text_align:left|color:%23961D28&#8243; h2_google_fonts=&#8220;font_family:Roboto%20Condensed%3A300%2C300italic%2Cregular%2Citalic%2C700%2C700italic|font_style:700%20bold%20regular%3A700%3Anormal&#8220; h4=&#8220;INKLUSIVE&#8220; h4_font_container=&#8220;tag:h4|font_size:25|text_align:left|color:%23111111&#8243; h4_use_theme_fonts=&#8220;yes&#8220; shape=&#8220;square&#8220; css=&#8220;.vc_custom_1752849492160{background-color: #F6F3EE !important;background-position: center !important;background-repeat: no-repeat !important;background-size: cover !important;border-color: #F6F3EED9 !important;}&#8220; use_custom_fonts_h2=&#8220;true&#8220; use_custom_fonts_h4=&#8220;true&#8220;]<span style=\"color: #333333;\">Im Sommer ist die Lechtal Aktiv Card im Zimmerpreis inbegriffen. Damit kommen Sie in den Genuss von zahlreichen Erm\u00e4\u00dfigungen. Einschlie\u00dflich der kostenlosen Nutzung von Seilbahnen und Bussen.<\/span>[\/vc_cta][\/vc_column_inner][vc_column_inner width=&#8220;1\/3&#8243;][\/vc_column_inner][\/vc_row_inner][vc_empty_space height=&#8220;50&#8243;][\/vc_column][\/vc_row][vc_row full_width=&#8220;stretch_row&#8220; gap=&#8220;15&#8243; css=&#8220;.vc_custom_1753452919462{background-image: url(https:\/\/www.apart-andrea.com\/wp-content\/uploads\/2025\/07\/Leinen_apart_Andrea_04.jpg?id=300) !important;background-position: center !important;background-repeat: no-repeat !important;background-size: cover !important;}&#8220;][vc_column width=&#8220;1\/6&#8243;][\/vc_column][vc_column width=&#8220;2\/3&#8243;][vc_empty_space height=&#8220;20&#8243;][vc_custom_heading text=&#8220;VORTEILE&#8220; font_container=&#8220;tag:h2|text_align:center|color:%23575756&#8243; google_fonts=&#8220;font_family:Roboto%20Condensed%3A300%2C300italic%2Cregular%2Citalic%2C700%2C700italic|font_style:400%20regular%3A400%3Anormal&#8220; css=&#8220;&#8220;][vc_row_inner equal_height=&#8220;yes&#8220; gap=&#8220;15&#8243;][vc_column_inner width=&#8220;1\/4&#8243;][vc_column_text css=&#8220;&#8220;]<img loading=\"lazy\" decoding=\"async\" class=\"aligncenter wp-image-170\" src=\"https:\/\/www.apart-andrea.com\/wp-content\/uploads\/2025\/07\/apart_andrea_icons-07-300x300.png\" alt=\"Sauna\" width=\"100\" height=\"100\" srcset=\"https:\/\/www.apart-andrea.com\/wp-content\/uploads\/2025\/07\/apart_andrea_icons-07-300x300.png 300w, https:\/\/www.apart-andrea.com\/wp-content\/uploads\/2025\/07\/apart_andrea_icons-07-150x150.png 150w, https:\/\/www.apart-andrea.com\/wp-content\/uploads\/2025\/07\/apart_andrea_icons-07-280x280.png 280w, https:\/\/www.apart-andrea.com\/wp-content\/uploads\/2025\/07\/apart_andrea_icons-07-560x560.png 560w, https:\/\/www.apart-andrea.com\/wp-content\/uploads\/2025\/07\/apart_andrea_icons-07-600x600.png 600w, https:\/\/www.apart-andrea.com\/wp-content\/uploads\/2025\/07\/apart_andrea_icons-07.png 730w\" sizes=\"auto, (max-width: 100px) 100vw, 100px\" \/>[\/vc_column_text][vc_custom_heading text=&#8220;SAUNA&#8220; font_container=&#8220;tag:h2|font_size:25|text_align:center|color:%234C5551&#8243; google_fonts=&#8220;font_family:Roboto%20Condensed%3A300%2C300italic%2Cregular%2Citalic%2C700%2C700italic|font_style:400%20regular%3A400%3Anormal&#8220; css=&#8220;.vc_custom_1752137680582{margin-top: -15px !important;}&#8220;][\/vc_column_inner][vc_column_inner width=&#8220;1\/4&#8243;][vc_column_text css=&#8220;&#8220;]<img loading=\"lazy\" decoding=\"async\" class=\"aligncenter wp-image-173\" src=\"https:\/\/www.apart-andrea.com\/wp-content\/uploads\/2025\/07\/apart_andrea_icons-10-300x300.png\" alt=\"Lage\" width=\"100\" height=\"100\" srcset=\"https:\/\/www.apart-andrea.com\/wp-content\/uploads\/2025\/07\/apart_andrea_icons-10-300x300.png 300w, https:\/\/www.apart-andrea.com\/wp-content\/uploads\/2025\/07\/apart_andrea_icons-10-150x150.png 150w, https:\/\/www.apart-andrea.com\/wp-content\/uploads\/2025\/07\/apart_andrea_icons-10-280x280.png 280w, https:\/\/www.apart-andrea.com\/wp-content\/uploads\/2025\/07\/apart_andrea_icons-10-560x560.png 560w, https:\/\/www.apart-andrea.com\/wp-content\/uploads\/2025\/07\/apart_andrea_icons-10-600x600.png 600w, https:\/\/www.apart-andrea.com\/wp-content\/uploads\/2025\/07\/apart_andrea_icons-10.png 730w\" sizes=\"auto, (max-width: 100px) 100vw, 100px\" \/>[\/vc_column_text][vc_custom_heading text=&#8220;LAGE&#8220; font_container=&#8220;tag:h2|font_size:25|text_align:center|color:%234C5551&#8243; google_fonts=&#8220;font_family:Roboto%20Condensed%3A300%2C300italic%2Cregular%2Citalic%2C700%2C700italic|font_style:400%20regular%3A400%3Anormal&#8220; css=&#8220;.vc_custom_1752142138623{margin-top: -15px !important;}&#8220;][\/vc_column_inner][vc_column_inner width=&#8220;1\/4&#8243;][vc_column_text css=&#8220;&#8220;]<img loading=\"lazy\" decoding=\"async\" class=\"aligncenter wp-image-178\" src=\"https:\/\/www.apart-andrea.com\/wp-content\/uploads\/2025\/07\/apart_andrea_icons-15-300x300.png\" alt=\"Herz\" width=\"100\" height=\"100\" srcset=\"https:\/\/www.apart-andrea.com\/wp-content\/uploads\/2025\/07\/apart_andrea_icons-15-300x300.png 300w, https:\/\/www.apart-andrea.com\/wp-content\/uploads\/2025\/07\/apart_andrea_icons-15-150x150.png 150w, https:\/\/www.apart-andrea.com\/wp-content\/uploads\/2025\/07\/apart_andrea_icons-15-280x280.png 280w, https:\/\/www.apart-andrea.com\/wp-content\/uploads\/2025\/07\/apart_andrea_icons-15-560x560.png 560w, https:\/\/www.apart-andrea.com\/wp-content\/uploads\/2025\/07\/apart_andrea_icons-15-600x600.png 600w, https:\/\/www.apart-andrea.com\/wp-content\/uploads\/2025\/07\/apart_andrea_icons-15.png 730w\" sizes=\"auto, (max-width: 100px) 100vw, 100px\" \/>[\/vc_column_text][vc_custom_heading text=&#8220;FAMILI\u00c4R&#8220; font_container=&#8220;tag:h2|font_size:25|text_align:center|color:%234C5551&#8243; google_fonts=&#8220;font_family:Roboto%20Condensed%3A300%2C300italic%2Cregular%2Citalic%2C700%2C700italic|font_style:400%20regular%3A400%3Anormal&#8220; css=&#8220;.vc_custom_1752137723665{margin-top: -15px !important;}&#8220;][\/vc_column_inner][vc_column_inner width=&#8220;1\/4&#8243;][vc_column_text css=&#8220;&#8220;]<img loading=\"lazy\" decoding=\"async\" class=\"aligncenter wp-image-182\" src=\"https:\/\/www.apart-andrea.com\/wp-content\/uploads\/2025\/07\/apart_andrea_icons-19-300x300.png\" alt=\"kostenfrei Parken\" width=\"100\" height=\"100\" srcset=\"https:\/\/www.apart-andrea.com\/wp-content\/uploads\/2025\/07\/apart_andrea_icons-19-300x300.png 300w, https:\/\/www.apart-andrea.com\/wp-content\/uploads\/2025\/07\/apart_andrea_icons-19-150x150.png 150w, https:\/\/www.apart-andrea.com\/wp-content\/uploads\/2025\/07\/apart_andrea_icons-19-280x280.png 280w, https:\/\/www.apart-andrea.com\/wp-content\/uploads\/2025\/07\/apart_andrea_icons-19-560x560.png 560w, https:\/\/www.apart-andrea.com\/wp-content\/uploads\/2025\/07\/apart_andrea_icons-19-600x600.png 600w, https:\/\/www.apart-andrea.com\/wp-content\/uploads\/2025\/07\/apart_andrea_icons-19.png 730w\" sizes=\"auto, (max-width: 100px) 100vw, 100px\" \/>[\/vc_column_text][vc_custom_heading text=&#8220;PARKEN&#8220; font_container=&#8220;tag:h2|font_size:25|text_align:center|color:%234C5551&#8243; google_fonts=&#8220;font_family:Roboto%20Condensed%3A300%2C300italic%2Cregular%2Citalic%2C700%2C700italic|font_style:400%20regular%3A400%3Anormal&#8220; css=&#8220;.vc_custom_1752045768234{margin-top: -15px !important;}&#8220;][\/vc_column_inner][\/vc_row_inner][vc_empty_space height=&#8220;10px&#8220;][vc_btn title=&#8220;weitere Vorteile&#8220; style=&#8220;outline-custom&#8220; outline_custom_color=&#8220;#961D28&#8243; outline_custom_hover_background=&#8220;#961D28&#8243; shape=&#8220;square&#8220; align=&#8220;center&#8220; css=&#8220;&#8220; link=&#8220;url:https%3A%2F%2Fwww.apart-andrea.com%2Findex.php%2Fleistungen%2F|title:Leistungen&#8220;][vc_empty_space height=&#8220;30px&#8220;][\/vc_column][vc_column width=&#8220;1\/6&#8243;][\/vc_column][\/vc_row][vc_row][vc_column][vc_empty_space height=&#8220;50px&#8220;][\/vc_column][\/vc_row][vc_row gap=&#8220;20&#8243; content_placement=&#8220;middle&#8220;][vc_column width=&#8220;1\/2&#8243;][vc_single_image image=&#8220;816&#8243; img_size=&#8220;full&#8220; alignment=&#8220;center&#8220; css_animation=&#8220;appear&#8220; css=&#8220;&#8220;][\/vc_column][vc_column width=&#8220;1\/2&#8243;][vc_custom_heading text=&#8220;PERFEKTER AUSGANGSPUNKT&#8220; font_container=&#8220;tag:h2|text_align:left|color:%23961D28&#8243; google_fonts=&#8220;font_family:Roboto%20Condensed%3A300%2C300italic%2Cregular%2Citalic%2C700%2C700italic|font_style:400%20regular%3A400%3Anormal&#8220; css=&#8220;&#8220;][vc_column_text css=&#8220;&#8220;]Sie k\u00f6nnen zu zahlreichen Wanderungen sowie Rad- und H\u00fcttentouren direkt von der Haust\u00fcr aufbrechen. Auch die Winteraktivit\u00e4ten sind ebenfalls in unmittelbarer N\u00e4he.[\/vc_column_text][\/vc_column][\/vc_row][vc_row][vc_column][vc_empty_space height=&#8220;50&#8243;][\/vc_column][\/vc_row][vc_row gap=&#8220;20&#8243; content_placement=&#8220;middle&#8220;][vc_column width=&#8220;1\/2&#8243;][vc_custom_heading text=&#8220;HOLZGAU \u2013 \u201eDIE PERLE DES LECHTALS\u201c&#8220; font_container=&#8220;tag:h2|text_align:left|color:%23961D28&#8243; google_fonts=&#8220;font_family:Roboto%20Condensed%3A300%2C300italic%2Cregular%2Citalic%2C700%2C700italic|font_style:400%20regular%3A400%3Anormal&#8220; css=&#8220;&#8220;][vc_column_text css=&#8220;&#8220;]<\/p>\n<p style=\"text-align: left;\">Der idyllische Ort liegt im Herzen des Tiroler Lechtals und ist bekannt f\u00fcr seine traditionelle Architektur, die ber\u00fchmte H\u00e4ngebr\u00fccke und seine herzliche Gastfreundschaft. Umgeben von beeindruckender Natur, ist Holzgau der perfekte Ausgangspunkt f\u00fcr Ihre Tr\u00e4ume.<\/p>\n<p>[\/vc_column_text][vc_empty_space height=&#8220;50&#8243;][\/vc_column][vc_column width=&#8220;1\/2&#8243;][vc_single_image image=&#8220;811&#8243; img_size=&#8220;full&#8220; alignment=&#8220;center&#8220; css_animation=&#8220;appear&#8220; css=&#8220;&#8220;][\/vc_column][\/vc_row]<\/p>\n<\/div>","protected":false},"excerpt":{"rendered":"<p>[vc_row css=&#8220;.vc_custom_1751891817481{margin-top: -50px !important;}&#8220;][vc_column][\/vc_column][\/vc_row][vc_row][vc_column][vc_empty_space height=&#8220;50&#8243;][\/vc_column][\/vc_row][vc_row gap=&#8220;20&#8243; content_placement=&#8220;middle&#8220;][vc_column width=&#8220;1\/2&#8243;][vc_single_image image=&#8220;813&#8243; img_size=&#8220;full&#8220; alignment=&#8220;center&#8220; css_animation=&#8220;appear&#8220; css=&#8220;&#8220;][\/vc_column][vc_column width=&#8220;1\/2&#8243;][vc_custom_heading text=&#8220;UNSERE LAGE IST EINMALIG&#8220; font_container=&#8220;tag:h2|text_align:left|color:%23961D28&#8243; google_fonts=&#8220;font_family:Roboto%20Condensed%3A300%2C300italic%2Cregular%2Citalic%2C700%2C700italic|font_style:400%20regular%3A400%3Anormal&#8220; css=&#8220;&#8220;][vc_column_text css=&#8220;&#8220;]Eingebettet zwischen Lechtaler und Allg\u00e4uer Alpen, in zentraler und dennoch ruhiger Lage, ist unser Haus perfekt, um die Sch\u00f6nheit der Umgebung zu genie\u00dfen. Egal ob Sie eine Auszeit brauchen [&hellip;]<\/p>\n","protected":false},"author":1,"featured_media":0,"parent":0,"menu_order":0,"comment_status":"closed","ping_status":"closed","template":"","meta":{"inspiro_page_layout":"narrow","inspiro_hide_title":false,"footnotes":""},"class_list":["post-9","page","type-page","status-publish","hentry"],"yoast_head":"<!-- This site is optimized with the Yoast SEO plugin v27.1.1 - https:\/\/yoast.com\/product\/yoast-seo-wordpress\/ -->\n<title>Home - Apart Andrea Holzgau<\/title>\n<meta name=\"description\" content=\"Apartments Holzgau, Beste Lage im Naturpark Lechtal, Wohlf\u00fchlen, Lechtal Aktiv Card, perfekter Ausgangspunkt, Die Perle des Lechtals, Holzgau\" \/>\n<meta name=\"robots\" content=\"index, follow, max-snippet:-1, max-image-preview:large, max-video-preview:-1\" \/>\n<link rel=\"canonical\" href=\"https:\/\/www.apart-andrea.com\/\" \/>\n<meta property=\"og:locale\" content=\"de_DE\" \/>\n<meta property=\"og:type\" content=\"article\" \/>\n<meta property=\"og:title\" content=\"Home - Apart Andrea Holzgau\" \/>\n<meta property=\"og:description\" content=\"Apartments Holzgau, Beste Lage im Naturpark Lechtal, Wohlf\u00fchlen, Lechtal Aktiv Card, perfekter Ausgangspunkt, Die Perle des Lechtals, Holzgau\" \/>\n<meta property=\"og:url\" content=\"https:\/\/www.apart-andrea.com\/\" \/>\n<meta property=\"og:site_name\" content=\"Apart Andrea Holzgau\" \/>\n<meta property=\"article:publisher\" content=\"https:\/\/www.facebook.com\/apartandrea\/\" \/>\n<meta property=\"article:modified_time\" content=\"2026-02-16T12:11:45+00:00\" \/>\n<meta property=\"og:image\" content=\"https:\/\/www.apart-andrea.com\/wp-content\/uploads\/2025\/07\/apart_andrea_icons-07-300x300.png\" \/>\n<meta name=\"twitter:card\" content=\"summary_large_image\" \/>\n<meta name=\"twitter:label1\" content=\"Gesch\u00e4tzte Lesezeit\" \/>\n\t<meta name=\"twitter:data1\" content=\"5\u00a0Minuten\" \/>\n<script type=\"application\/ld+json\" class=\"yoast-schema-graph\">{\"@context\":\"https:\/\/schema.org\",\"@graph\":[{\"@type\":\"WebPage\",\"@id\":\"https:\/\/www.apart-andrea.com\/\",\"url\":\"https:\/\/www.apart-andrea.com\/\",\"name\":\"Home - Apart Andrea Holzgau\",\"isPartOf\":{\"@id\":\"https:\/\/www.apart-andrea.com\/#website\"},\"primaryImageOfPage\":{\"@id\":\"https:\/\/www.apart-andrea.com\/#primaryimage\"},\"image\":{\"@id\":\"https:\/\/www.apart-andrea.com\/#primaryimage\"},\"thumbnailUrl\":\"https:\/\/www.apart-andrea.com\/wp-content\/uploads\/2025\/07\/apart_andrea_icons-07-300x300.png\",\"datePublished\":\"2025-07-07T07:54:31+00:00\",\"dateModified\":\"2026-02-16T12:11:45+00:00\",\"description\":\"Apartments Holzgau, Beste Lage im Naturpark Lechtal, Wohlf\u00fchlen, Lechtal Aktiv Card, perfekter Ausgangspunkt, Die Perle des Lechtals, Holzgau\",\"breadcrumb\":{\"@id\":\"https:\/\/www.apart-andrea.com\/#breadcrumb\"},\"inLanguage\":\"de\",\"potentialAction\":[{\"@type\":\"ReadAction\",\"target\":[\"https:\/\/www.apart-andrea.com\/\"]}]},{\"@type\":\"ImageObject\",\"inLanguage\":\"de\",\"@id\":\"https:\/\/www.apart-andrea.com\/#primaryimage\",\"url\":\"https:\/\/www.apart-andrea.com\/wp-content\/uploads\/2025\/07\/apart_andrea_icons-07.png\",\"contentUrl\":\"https:\/\/www.apart-andrea.com\/wp-content\/uploads\/2025\/07\/apart_andrea_icons-07.png\",\"width\":730,\"height\":730,\"caption\":\"Sauna\"},{\"@type\":\"BreadcrumbList\",\"@id\":\"https:\/\/www.apart-andrea.com\/#breadcrumb\",\"itemListElement\":[{\"@type\":\"ListItem\",\"position\":1,\"name\":\"Startseite\",\"item\":\"https:\/\/www.apart-andrea.com\/\"},{\"@type\":\"ListItem\",\"position\":2,\"name\":\"Home\"}]},{\"@type\":\"WebSite\",\"@id\":\"https:\/\/www.apart-andrea.com\/#website\",\"url\":\"https:\/\/www.apart-andrea.com\/\",\"name\":\"Apart Andrea Holzgau\",\"description\":\"Apartments im Lechtal\",\"publisher\":{\"@id\":\"https:\/\/www.apart-andrea.com\/#organization\"},\"potentialAction\":[{\"@type\":\"SearchAction\",\"target\":{\"@type\":\"EntryPoint\",\"urlTemplate\":\"https:\/\/www.apart-andrea.com\/?s={search_term_string}\"},\"query-input\":{\"@type\":\"PropertyValueSpecification\",\"valueRequired\":true,\"valueName\":\"search_term_string\"}}],\"inLanguage\":\"de\"},{\"@type\":\"Organization\",\"@id\":\"https:\/\/www.apart-andrea.com\/#organization\",\"name\":\"Apart Andrea Holzgau\",\"url\":\"https:\/\/www.apart-andrea.com\/\",\"logo\":{\"@type\":\"ImageObject\",\"inLanguage\":\"de\",\"@id\":\"https:\/\/www.apart-andrea.com\/#\/schema\/logo\/image\/\",\"url\":\"https:\/\/www.apart-andrea.com\/wp-content\/uploads\/2025\/07\/apart-andrea-logo.png\",\"contentUrl\":\"https:\/\/www.apart-andrea.com\/wp-content\/uploads\/2025\/07\/apart-andrea-logo.png\",\"width\":570,\"height\":416,\"caption\":\"Apart Andrea Holzgau\"},\"image\":{\"@id\":\"https:\/\/www.apart-andrea.com\/#\/schema\/logo\/image\/\"},\"sameAs\":[\"https:\/\/www.facebook.com\/apartandrea\/\"]}]}<\/script>\n<!-- \/ Yoast SEO plugin. -->","yoast_head_json":{"title":"Home - Apart Andrea Holzgau","description":"Apartments Holzgau, Beste Lage im Naturpark Lechtal, Wohlf\u00fchlen, Lechtal Aktiv Card, perfekter Ausgangspunkt, Die Perle des Lechtals, Holzgau","robots":{"index":"index","follow":"follow","max-snippet":"max-snippet:-1","max-image-preview":"max-image-preview:large","max-video-preview":"max-video-preview:-1"},"canonical":"https:\/\/www.apart-andrea.com\/","og_locale":"de_DE","og_type":"article","og_title":"Home - Apart Andrea Holzgau","og_description":"Apartments Holzgau, Beste Lage im Naturpark Lechtal, Wohlf\u00fchlen, Lechtal Aktiv Card, perfekter Ausgangspunkt, Die Perle des Lechtals, Holzgau","og_url":"https:\/\/www.apart-andrea.com\/","og_site_name":"Apart Andrea Holzgau","article_publisher":"https:\/\/www.facebook.com\/apartandrea\/","article_modified_time":"2026-02-16T12:11:45+00:00","og_image":[{"url":"https:\/\/www.apart-andrea.com\/wp-content\/uploads\/2025\/07\/apart_andrea_icons-07-300x300.png","type":"","width":"","height":""}],"twitter_card":"summary_large_image","twitter_misc":{"Gesch\u00e4tzte Lesezeit":"5\u00a0Minuten"},"schema":{"@context":"https:\/\/schema.org","@graph":[{"@type":"WebPage","@id":"https:\/\/www.apart-andrea.com\/","url":"https:\/\/www.apart-andrea.com\/","name":"Home - Apart Andrea Holzgau","isPartOf":{"@id":"https:\/\/www.apart-andrea.com\/#website"},"primaryImageOfPage":{"@id":"https:\/\/www.apart-andrea.com\/#primaryimage"},"image":{"@id":"https:\/\/www.apart-andrea.com\/#primaryimage"},"thumbnailUrl":"https:\/\/www.apart-andrea.com\/wp-content\/uploads\/2025\/07\/apart_andrea_icons-07-300x300.png","datePublished":"2025-07-07T07:54:31+00:00","dateModified":"2026-02-16T12:11:45+00:00","description":"Apartments Holzgau, Beste Lage im Naturpark Lechtal, Wohlf\u00fchlen, Lechtal Aktiv Card, perfekter Ausgangspunkt, Die Perle des Lechtals, Holzgau","breadcrumb":{"@id":"https:\/\/www.apart-andrea.com\/#breadcrumb"},"inLanguage":"de","potentialAction":[{"@type":"ReadAction","target":["https:\/\/www.apart-andrea.com\/"]}]},{"@type":"ImageObject","inLanguage":"de","@id":"https:\/\/www.apart-andrea.com\/#primaryimage","url":"https:\/\/www.apart-andrea.com\/wp-content\/uploads\/2025\/07\/apart_andrea_icons-07.png","contentUrl":"https:\/\/www.apart-andrea.com\/wp-content\/uploads\/2025\/07\/apart_andrea_icons-07.png","width":730,"height":730,"caption":"Sauna"},{"@type":"BreadcrumbList","@id":"https:\/\/www.apart-andrea.com\/#breadcrumb","itemListElement":[{"@type":"ListItem","position":1,"name":"Startseite","item":"https:\/\/www.apart-andrea.com\/"},{"@type":"ListItem","position":2,"name":"Home"}]},{"@type":"WebSite","@id":"https:\/\/www.apart-andrea.com\/#website","url":"https:\/\/www.apart-andrea.com\/","name":"Apart Andrea Holzgau","description":"Apartments im Lechtal","publisher":{"@id":"https:\/\/www.apart-andrea.com\/#organization"},"potentialAction":[{"@type":"SearchAction","target":{"@type":"EntryPoint","urlTemplate":"https:\/\/www.apart-andrea.com\/?s={search_term_string}"},"query-input":{"@type":"PropertyValueSpecification","valueRequired":true,"valueName":"search_term_string"}}],"inLanguage":"de"},{"@type":"Organization","@id":"https:\/\/www.apart-andrea.com\/#organization","name":"Apart Andrea Holzgau","url":"https:\/\/www.apart-andrea.com\/","logo":{"@type":"ImageObject","inLanguage":"de","@id":"https:\/\/www.apart-andrea.com\/#\/schema\/logo\/image\/","url":"https:\/\/www.apart-andrea.com\/wp-content\/uploads\/2025\/07\/apart-andrea-logo.png","contentUrl":"https:\/\/www.apart-andrea.com\/wp-content\/uploads\/2025\/07\/apart-andrea-logo.png","width":570,"height":416,"caption":"Apart Andrea Holzgau"},"image":{"@id":"https:\/\/www.apart-andrea.com\/#\/schema\/logo\/image\/"},"sameAs":["https:\/\/www.facebook.com\/apartandrea\/"]}]}},"_links":{"self":[{"href":"https:\/\/www.apart-andrea.com\/index.php\/wp-json\/wp\/v2\/pages\/9","targetHints":{"allow":["GET"]}}],"collection":[{"href":"https:\/\/www.apart-andrea.com\/index.php\/wp-json\/wp\/v2\/pages"}],"about":[{"href":"https:\/\/www.apart-andrea.com\/index.php\/wp-json\/wp\/v2\/types\/page"}],"author":[{"embeddable":true,"href":"https:\/\/www.apart-andrea.com\/index.php\/wp-json\/wp\/v2\/users\/1"}],"replies":[{"embeddable":true,"href":"https:\/\/www.apart-andrea.com\/index.php\/wp-json\/wp\/v2\/comments?post=9"}],"version-history":[{"count":112,"href":"https:\/\/www.apart-andrea.com\/index.php\/wp-json\/wp\/v2\/pages\/9\/revisions"}],"predecessor-version":[{"id":972,"href":"https:\/\/www.apart-andrea.com\/index.php\/wp-json\/wp\/v2\/pages\/9\/revisions\/972"}],"wp:attachment":[{"href":"https:\/\/www.apart-andrea.com\/index.php\/wp-json\/wp\/v2\/media?parent=9"}],"curies":[{"name":"wp","href":"https:\/\/api.w.org\/{rel}","templated":true}]}}